 m(4). Let v = u + -28. What is the greatest common factor of v and 7?
7
Let f(r) = -r**2 + 9*r + 12. Suppose -5 = 2*k - 23. Let j be f(k). Let a = 2 - -82. What is the greatest common divisor of a and j?
12
Let r(n) = n + 31. Let u be r(-13). Calculate the greatest common factor of u and 162.
18
Suppose 5*s - 26 = 154. What is the greatest common factor of 4 and s?
4
Let p = 5 + -5. Suppose -2*c + 7 + 13 = p. Calculate the highest common divisor of 15 and c.
5
Suppose 6 = x - 0*x. Let v(l) = 68*l**2 + 3*l - 5. Let n be v(1). What is the highest common divisor of x and n?
6
Suppose -15 = -5*t, 5*r + t = -0*t + 18. Suppose 5*o - 5*c - 50 = 0, r*o - c = 13 + 15. What is the highest common divisor of o and 9?
9
Suppose 5*v - 6*v = -182. What is the greatest common factor of v and 26?
26
Suppose -3*n - 21 = -2*k, 3*k - 2*n + 7*n = -16. Calculate the highest common divisor of k and 6.
3
Let a(n) = n**3 + n. Let r be a(-3). Let f be (r/4)/(7/(-14)). Calculate the highest common divisor of f and 165.
15
Suppose 3*w - 3 = 4*u, -5*u - 2*w + 9 + 16 = 0. Suppose -5*p + u = -4*p. What is the highest common factor of 21 and p?
3
Let x(d) = d**3. Let r be x(-2). Let w be r*(3 + -6 - 0). Let j(b) = b**2 - b + 3. Let h be j(0). Calculate the highest common divisor of w and h.
3
Let z = -160 - -391. Let i be (-2)/(-8) - (-39)/4. Let k(d) = 3*d - 9. Let x be k(i). What is the highest common divisor of z and x?
21
Let r = 9 + 1. Suppose 4*o - 32 = 2*j + 52, 5*o + 2*j = 96. What is the highest common factor of r and o?
10
Let h be 20/3*(7 - 1). What is the greatest common factor of h and 10?
10
Let y(v) = v + 6. Let d be y(2). Calculate the highest common divisor of d and 64.
8
Suppose 9*r = 10*r - 35. What is the highest common factor of r and 14?
7
Let p(k) = k**3 + 7*k**2 + 4*k + 9. Let m be p(-6). What is the greatest common divisor of m and 231?
21
Let x = 80 + -3. Let a be (9/6 + -2)*-2*7. Calculate the highest common divisor of a and x.
7
Suppose 0*q + 18 = q. Let v be q/5*(-5)/(-1). What is the greatest common factor of 12 and v?
6
Suppose -d + 14 = -2. Let y(s) = s**2 + 8. Let o be y(0). What is the greatest common divisor of o and d?
8
Let h(a) = -a**3 - a**2 + 3*a + 6. Let w be h(0). What is the greatest common divisor of w and 9?
3
Let i = -120 - -15. Let g = -57 - i. Calculate the greatest common divisor of g and 12.
12
Let x be 1*-3*1/(-1). Suppose 0 = 3*u + y - 66, 4*y + x = -9. Calculate the greatest common factor of u and 46.
23
Let w = 79 - 45. Let q = 56 - w. Let d be q/(-3)*9/(-6). Calculate the highest common divisor of d and 77.
11
Suppose 4*m = 8*m - 12. Let f be (-969)/(-39) - 4/(-26). Suppose 0 = -m*h + 20 + f. Calculate the highest common divisor of 105 and h.
15
Let c = -4 + 9. Suppose 22 = c*g + a, -4*a - 4 = -g - 8. Suppose 0*b - 2*b - 38 = -2*o, -3*o = g*b - 92. What is the greatest common factor of 16 and o?
8
Suppose 308 = -2*b + 6*b. Let o be -2 - (-5*1 - -1). Let r = 9 - o. What is the greatest common divisor of r and b?
7
Let u be -8*(1 - 2) - 0. Let v be u/6 - 3/9. Let w be (-125)/v*2/(-5). What is the greatest common factor of w and 20?
10
Suppose 0 = -23*c + 17*c + 90. Calculate the greatest common factor of 20 and c.
5
Let b(i) = -23*i + 12. Let n be b(-3). What is the highest common divisor of n and 9?
9
Suppose 5*o - 40 = -5*r, -11 = -5*o + r + 35. Suppose 5*y = -3*t + 5*t + 362, -5*y = -4*t - 364. Calculate the highest common factor of y and o.
9
Let m = 30 + -3. What is the highest common divisor of m and 135?
27
Let g(t) = t + 6. Suppose 3*u + 1 - 19 = 0. Let f be g(u). What is the highest common divisor of f and 36?
12
Let n be 3 - (0 - (-2 + -1)). Suppose 4*l - 2*l - 18 = n. Suppose 2*z = -o + 19, -z = -4*o - l + 22. What is the highest common factor of 42 and z?
7
Let k = 78 - 39. Let x be (-18)/10 - (-2)/(-10). Let h(y) = 2*y**2 - 3*y - 1. Let s be h(x). Calculate the greatest common factor of k and s.
13
Let n be 272 + 14 + 1*2. What is the greatest common factor of n and 32?
32
Suppose 15*h - 12*h = 9. What is the greatest common factor of h and 1?
1
Let s be 1/(-4*(-4)/192). What is the highest common divisor of 60 and s?
12
Suppose 0 = 5*c + 8 + 7. Let j(u) = -4*u + 1. Let r be j(c). Let l = -51 + 155. Calculate the highest common divisor of l and r.
13
Let k(j) = -7*j. Let y be k(-1). Suppose 3*q - y*q = -44. Suppose u + 3 = q. Calculate the highest common divisor of u and 16.
8
Suppose 0*h + 5*h = -2*v + 988, -599 = -3*h + 5*v. Suppose r + 2 = -0*r - 4*n, -4*r + 3*n = -87. What is the highest common divisor of h and r?
18
Suppose -3*i + 5 = -10. Let a = 1 + 0. Calculate the greatest common factor of i and a.
1
Suppose 3*s - 7 = 5. Let v = 89 + -82. Suppose 0 = s*j - v*j + 408. Calculate the highest common divisor of 17 and j.
17
Let f be 3 - 274/3*3/(-2). What is the greatest common factor of 28 and f?
28
Suppose -43 = -i + 65. Calculate the greatest common divisor of 27 and i.
27
Let p be -1 - -1 - (4 + -4). Suppose 2*h + 3*t - 78 = p, h + 0*h - 2*t = 25. What is the greatest common divisor of h and 22?
11
Suppose -2*s + 0*s + 4 = 0. Let q(v) = 2*v**2 - 6*v + 2. Let z be q(4). Calculate the highest common factor of s and z.
2
Suppose 3*k - 4*z = -0*z - 14, -2*z + 4 = -3*k. Let d be 135/10 + (-1)/k. What is the greatest common divisor of 65 and d?
13
Suppose 0*p + p - 44 = 0. Calculate the highest common factor of 4 and p.
4
Let r be (-6)/15*-1*10. Suppose k = 28 + r. Calculate the highest common factor of 48 and k.
16
Let d(i) = i**3 + 10*i**2 - 2*i - 7. Let m be d(-10). Let b(j) = 33*j - 1. Let c be b(2). Calculate the greatest common divisor of m and c.
13
Let b be -3*16/(-9)*3. What is the greatest common factor of 176 and b?
16
Let i(y) = 2*y**2 - 6*y + 4. Let t be i(5). Let f = t - 14. What is the highest common factor of 70 and f?
10
Suppose -28*t = -30*t + 4. What is the greatest common factor of 4 and t?
2
Suppose -4*d + 147 + 93 = 0. What is the greatest common factor of d and 24?
12
Let v be 0 + 5/((-10)/(-14)). What is the greatest common factor of 49 and v?
7
Suppose -4*c = -3*u - 40 - 5, 2 = 2*u. Let d be 10/(-120)*4*-90. What is the greatest common divisor of d and c?
6
Suppose 11 + 10 = 4*q - s, 4*s = 5*q - 29. Calculate the highest common divisor of 5 and q.
5
Let h = 128 - 61. Let k = h + -48. Let a(w) = 19*w. Let o be a(1). What is the greatest common factor of k and o?
19
Let x be 1/(-1) - (2 + 2). Let o = x + 15. Let a be (2 + o)*(-6)/(-9). What is the greatest common factor of a and 20?
4
Suppose -x = 23 - 8. Let m = 39 + x. What is the highest common factor of 168 and m?
24
Suppose -b + 2*b - 5*s + 6 = 0, -3*s = -3*b - 6. Let l(i) = 126*i**2 - i - 1. Let p be l(b). Calculate the greatest common factor of 18 and p.
18
Suppose 0*b - 18 = -b. Let d be ((-80)/25)/(-4) + (-6)/(-5). Calculate the greatest common factor of d and b.
2
Suppose -2*y + 5*l = -y - 6, 111 = 5*y + 2*l. Calculate the greatest common factor of 231 and y.
21
Suppose t + 840 = 6*t. Calculate the highest common factor of 24 and t.
24
Let r be (-2)/9 - 87/(-27). Let h = 5 + r. Suppose n = 3*n - 144. What is the greatest common divisor of h and n?
8
Let b(w) = w**2 - 2*w - 1. Suppose 2*y - 4*y = 0. Suppose -1 = j - y. Let f be b(j). Calculate the greatest common factor of 12 and f.
2
Let a be 1744/24 - (-2)/(-3). Suppose 0*y - a = -3*y. Calculate the greatest common factor of y and 36.
12
Let q = -150 + 107. Let w = q - -164. What is the greatest common factor of w and 11?
11
Let k be (-9)/6*(-8)/(-6). Let h(i) = i**2 + i - 3. Let m be h(-3). Let x = m + k. What is the highest common factor of 8 and x?
1
Let g(l) = l**2 + 4*l - 3. Let u be g(-4). Let o be 3 + (-2)/u*-3. Calculate the greatest common factor of o and 9.
1
Suppose 13 + 3 = 2*m + 4*w, -5*m + 3*w = -27. Let q be 110/3 + m/(-9). What is the greatest common divisor of 12 and q?
12
Suppose -15 = -2*c + w, 0 = 4*c - 2*w + 5*w - 15. Calculate the greatest common factor of c and 3.
3
Let t = 148 - 86. What is the highest common divisor of t and 155?
31
Let c = -8 + 9. Let z = 6 - c. Suppose -3*d - 44 - 11 = -f, -f - d = -35. What is the greatest common divisor of f and z?
5
Let l(d) = d**2 - 9*d + 10. Let c be l(8). Let p be (4 - -66)*c/1. What is the highest comm